 + 7. Let s be m(-5). Suppose 0 = -5*d - 3*a + 50, 3*a - s = -4*d + 4*a. What is the remainder when d is divided by 7?
6
Suppose -2*f + 126 = 2. Calculate the remainder when f is divided by 13.
10
Suppose -3 = -2*b - 2*o + 7, 3*b - 10 = 2*o. Suppose 0 = 2*d - b. What is the remainder when d/3*24/2 is divided by 5?
3
Suppose -5*t - 202 = i, i + 94 = -2*t + 12. Let q = t + 67. Suppose 2*g + 22 = 3*g - 2*h, -h = 3*g - 38. Calculate the remainder when q is divided by g.
13
Let z(n) = 5*n - 7. Let h(o) = 4*o - 8. Let b(j) = 3*h(j) - 2*z(j). Let t be b(-7). Let i = -11 - t. Calculate the remainder when 37 is divided by i.
11
Suppose 2*n - 89 = -11. What is the remainder when n is divided by 8?
7
Let d(y) = -20*y**3 - 1. Calculate the remainder when 56 is divided by d(-1).
18
Let p(r) = -r**2 - 5*r - 2. Let d be p(-2). Let q = 15 + -12. Suppose 23 = d*x + q. Calculate the remainder when 9 is divided by x.
4
Let m = 65 - 39. Calculate the remainder when 77 is divided by m.
25
Let o be (1 + -6)*4/10. What is the remainder when (2 - -1) + (8 - o) is divided by 4?
1
Suppose 0*z = 4*z - 432. Suppose -a + 0*a = 0, 3*x + 5*a - z = 0. Let i(s) = s**2 + 2*s + 4. Calculate the remainder when x is divided by i(3).
17
Suppose 7*r - 620 = 3*r. Calculate the remainder when r is divided by 53.
49
Let c(v) = -v**3 + 2 - 5*v + 5*v - 2*v**2 + 4*v. Suppose -20 = 2*p - 0*h + 4*h, -h = 2*p + 11. Calculate the remainder when c(p) is divided by 10.
8
Let n(q) = -q**3 - 13*q**2 - 13*q - 6. Let g be n(-12). Suppose -g*b = -b + 5. Calculate the remainder when b/(-1*3/66) is divided by 8.
6
Suppose 4*l - 72 = -3*c, 54 = 3*l - 0*l - 5*c. Suppose -12 - 90 = -2*o. What is the remainder when o is divided by l?
15
Suppose f + 4 = -3*z + 5, 2*f = 2*z + 26. What is the remainder when 18 is divided by f?
8
Suppose d - 6*d + 180 = 0. Let k be ((-2)/3)/((-2)/51). Suppose -21 - k = -2*c. What is the remainder when d is divided by c?
17
Suppose -17*u = -20*u + 27. Calculate the remainder when 29 is divided by u.
2
Suppose 4*n + 5*k + 17 = 5*n, 27 = 2*n - 3*k. What is the remainder when 46 is divided by n?
10
Let n(b) = b - 2. Let m be n(3). Suppose 0 = -3*u + u + 26. Let q = u + m. What is the remainder when q is divided by 5?
4
Suppose -4 = -2*f + f. Let l be 3/((-6)/f) - -11. Let q = l + -5. Calculate the remainder when 6 is divided by q.
2
Let o = 15 - 11. What is the remainder when o is divided by 4?
0
Suppose 4*m = -m + 450. Let k = -61 + m. Suppose 0*p + p - c = 16, -5*p = -3*c - 78. What is the remainder when k is divided by p?
14
What is the remainder when 69 is divided by 16 - (-6 + -1 - -3) - 2?
15
Let p(f) = 3*f + 42. Let u(m) = -2*m - 28. Let v(n) = -5*p(n) - 7*u(n). Calculate the remainder when v(-17) is divided by 0/(-1) + -1 + 2.
0
Suppose 2*w - 20 = -3*i, 4*i + 1 = -3*w + 26. Suppose -42 = -3*j + 9. What is the remainder when j is divided by i?
7
Let p(u) = 2*u**2 + 2*u + 3. Calculate the remainder when p(-2) is divided by 4.
3
Let b(g) = -5*g - 8. Let y = -3 + -3. What is the remainder when b(y) is divided by 6?
4
Suppose m - 14 = 15. Calculate the remainder when ((-4)/(-5))/(2/215) is divided by m.
28
Suppose i - 3*i = -36. Suppose -d + 2*w - 3*w - 150 = 0, 5*w = -15. What is the remainder when i is divided by d/(-15) + 1/5?
8
Suppose -4*l + 484 = -0*l. Calculate the remainder when l is divided by 31.
28
Let x = 12 + -7. Suppose -3*o - 35 = -257. Suppose x*q = 4*r + o + 29, 5*r + 67 = 3*q. Calculate the remainder when 36 is divided by q.
17
Let o(b) = b**3 - 10*b**2 + 13*b - 22. Calculate the remainder when 67 is divided by o(9).
11
Let h = 8 - 5. Suppose 3*y - 6 = 9. Let z(o) = -o**3 + 5*o**2 + 3*o - 7. What is the remainder when z(y) is divided by h?
2
Let u(w) be the second derivative of -w**3/6 + 13*w**2/2 - w. Let p = 280 + -256. Calculate the remainder when p is divided by u(0).
11
Let m(q) = -q**3 + 3*q**2 + 5*q - 2. Let n(t) = -t + 3. Calculate the remainder when n(0) is divided by m(4).
1
Suppose -i - 26 = -4*r + 109, 172 = 5*r + 2*i. Let h = -12 + r. What is the remainder when h is divided by 8?
6
Let l be -2*(2/(-4) - -2). Let t = 3 + l. Suppose t = -k + 10 + 7. What is the remainder when k is divided by 9?
8
Suppose -4*z = 3*l - 2*l - 121, 4*z - 112 = -4*l. Calculate the remainder when 183 is divided by z.
28
What is the remainder when (-2)/9 - (3 - 1052/36) is divided by 7?
5
Let t(i) = i**2 + i + 1. Let b(y) = 4*y + 1. Let q be b(3). Let c = 10 - q. Calculate the remainder when 19 is divided by t(c).
5
Suppose 19*k - 26*k + 553 = 0. Calculate the remainder when k is divided by 16.
15
Suppose 0 = -8*k + 4*k + 436. Calculate the remainder when k is divided by 22.
21
Calculate the remainder when 3087/14 - 2/(-4) is divided by 16.
13
Let a = -93 + 168. Calculate the remainder when a is divided by 29.
17
Let n(j) = 11*j**2 - j + 2. Suppose -4*z - 5*o - 10 = -63, -2*z = -o - 9. Calculate the remainder when n(1) is divided by z.
5
Let q(y) = -y**3 - 14*y**2 - 16*y + 10. Calculate the remainder when q(-13) is divided by 4.
1
Let o be -1*(-3 + 0/3). Suppose 0 = o*s + 2*s - 205. Calculate the remainder when s is divided by 11.
8
Let v(h) = 7*h**2 + 5*h - 4. What is the remainder when v(3) is divided by (2 + 17)*(-1)/(-1)?
17
Suppose -2*r + 0*r = -90. Calculate the remainder when (-3 - (-40)/12)*r is divided by 8.
7
Let c = 30 - 20. Let z(w) = w**2 - 4. Let d be z(-3). Suppose 2*o = -d*b + 4*b + 35, b + o = 31. Calculate the remainder when b is divided by c.
7
Let v(n) = n**3 - 7*n**2 + 9*n - 4. Calculate the remainder when v(6) is divided by (-8)/36 - (-148)/18.
6
Suppose 0 = -5*m + f - 0*f + 17, m - 10 = -2*f. Calculate the remainder when m is divided by 3.
1
Let l(h) = 4*h**2 - 4*h - 1. What is the remainder when 38 is divided by l(-1)?
3
What is the remainder when 19 is divided by 5/(20/16) - -1?
4
Let n = 25 - 4. What is the remainder when 81 is divided by n?
18
Let n(t) = 2*t - 6. Let b(a) = -a**3 + a**2 + 4*a + 3. Let i be b(-2). Let z = -40 + 61. What is the remainder when z is divided by n(i)?
5
Suppose 0 = -3*a + 3*t + 81, 0 = -4*a - 4*t + t + 73. Let l(y) = -10*y + 3. Calculate the remainder when l(-4) is divided by a.
21
Let g(c) = -c - 2*c + 6*c. Let h(r) = -r**3 + 3*r**2 + 5*r. Let s be h(4). Calculate the remainder when 35 is divided by g(s).
11
Suppose 3*r - 1 - 14 = 0. What is the remainder when r is divided by (-1)/4 + (-13)/(-4)?
2
Let b = -19 + 26. What is the remainder when 64/6 + (-1)/(-3) is divided by b?
4
Let g(t) = -2*t + 10. Let n be g(7). Suppose 0 = 5*p + 3 + 22. Let k = n - p. Calculate the remainder when k is divided by 1.
0
Let c = 7 + -3. Let k(j) = -j**2 + 18*j + 17. What is the remainder when k(18) is divided by c?
1
Suppose z - 17 = 2. What is the remainder when z is divided by 6?
1
Suppose 0 = -9*i + 8*i + 4. Suppose -2*n + 0*n = -12. What is the remainder when n is divided by i?
2
Suppose -4*d = 3*z - 127, 2*z - 65 = -2*d - z. Calculate the remainder when d is divided by 17.
14
Suppose 0*d = 5*f + 3*d - 510, -204 = -2*f + 2*d. Calculate the remainder when f is divided by 26.
24
Let x be 2/4 + 198/12. Let c be (3 + 1)*x/2. Suppose i - c = 4*p, 0 = -2*i + 5*i + 2*p - 74. Calculate the remainder when i is divided by 14.
12
Let t = -2 - -2. Suppose t = -h + 3*h. Suppose 4*d - 8 - 8 = h. Calculate the remainder when 6 is divided by d.
2
Let k = -4 + 5. Let a(f) = 49*f + 1. Let t be a(k). Suppose 4*x - t = -x. Calculate the remainder when x is divided by 6.
4
Suppose 4*r = -2*w + 26, 5*r = -2*w + 2*r + 29. Suppose -3*z + w = -2*z. What is the remainder when z is divided by 5?
4
Suppose 2*d = -2*d - g + 25, g + 20 = 5*d. Let w = 5 - d. Suppose w = -4*p + 11 + 5. Calculate the remainder when 6 is divided by p.
2
Suppose 2*k = -3 + 61. Calculate the remainder when 84 is divided by k.
26
Let o = -30 + 62. Calculate the remainder when 63 is divided by o.
31
Let o(u) = 8*u**3 - 3*u**2 - 3*u. Let r be o(-2). Let s = -49 - r. What is the remainder when 80 is divided by s?
17
Suppose 0 = -0*d - 3*d + 12. Suppose 0 = -d*x - b + 248, 5*x - b = 2*b + 327. Suppose -2*k = k - x. What is the remainder when k is divided by 11?
10
Suppose -2*k + 6*k = 0. Suppose h - 4*h + 6 = k. Suppose -4*t = z - h*z - 31, -t - 3*z + 24 = 0. What is the remainder 